{"id":173,"date":"2018-09-25T20:54:52","date_gmt":"2018-09-25T18:54:52","guid":{"rendered":"http:\/\/www.parrocchiebuttiglieraalta.it\/?page_id=173"},"modified":"2022-12-04T22:35:13","modified_gmt":"2022-12-04T21:35:13","slug":"catechesi-ragazzi","status":"publish","type":"page","link":"https:\/\/www.parrocchiebuttiglieraalta.it\/?page_id=173","title":{"rendered":"Catechesi Ragazzi"},"content":{"rendered":"\n<p><\/p>\n\n\n\n<p><\/p>\n\n\n\n<p><a href=\"http:\/\/www.parrocchiebuttiglieraalta.it\/wp-content\/uploads\/2022\/12\/ORARI-CATECHISMO-BUTTIGLIERA-22_23XSITO.pdf\" data-type=\"URL\" target=\"_blank\" rel=\"noreferrer noopener\">Clicca qui<\/a> per vedere gli orari dei gruppi di catechesi per l&#8217;anno 2022-2023<\/p>\n\n\n\n<p>Accompagnare i propri figli a catechismo oggi \u00e8 una scelta libera e personale, non pi\u00f9 convenzionale. Se scegliete la catechesi per i vostri figli, vuol dire che avete un certo interesse per la vita di fede, infatti il catechismo \u00e8 una proposta di educazione e crescita nella fede.<\/p>\n\n\n\n<p><\/p>\n\n\n\n<p>Scrive <strong>Papa Francesco<\/strong> nella sua enciclica \u201c<em>Lumen Fidei<\/em>\u201d: \u00ab<em>In famiglia, la fede accompagna tutte le et\u00e0 della vita, a cominciare dall\u2019infanzia: i bambini imparano a fidarsi dell\u2019amore dei loro genitori. Per questo \u00e8 importante che i genitori coltivino pratiche comuni di fede nella famiglia, che accompagnino la maturazione della fede dei figli. Soprattutto i giovani, che attraversano un\u2019et\u00e0 della vita cos\u00ec complessa, ricca e importante per la fede, devono sentire la vicinanza e l\u2019attenzione della famiglia e della comunit\u00e0 ecclesiale nel loro cammino di crescita nella fede. (\u2026) L\u2019incontro con Cristo, il lasciarsi afferrare e guidare dal suo amore allarga l\u2019orizzonte dell\u2019esistenza, le dona una speranza solida che non delude. La fede non \u00e8 un rifugio per gente senza coraggio, ma la dilatazione della vita. Essa fa scoprire una grande chiamata, la vocazione all\u2019amore, e assicura che quest\u2019amore \u00e8 affidabile, che vale la pena di consegnarsi ad esso, perch\u00e9 il suo fondamento si trova nella fedelt\u00e0 di Dio, pi\u00f9 forte di ogni nostra fragilit\u00e0<\/em>\u00bb.(n. 53).<\/p>\n","protected":false},"excerpt":{"rendered":"<p>Clicca qui per vedere gli orari dei gruppi di catechesi per l&#8217;anno 2022-2023 Accompagnare i propri figli a catechismo oggi \u00e8 una scelta libera e personale, non pi\u00f9 convenzionale. Se scegliete la catechesi per i vostri figli, vuol dire che avete un certo interesse per la vita di fede, infatti il catechismo \u00e8 una proposta &hellip;<br \/><a href=\"https:\/\/www.parrocchiebuttiglieraalta.it\/?page_id=173\" class=\"more-link pen_button pen_element_default pen_icon_arrow_double\">Continua a leggere <span class=\"screen-reader-text\">Catechesi Ragazzi<\/span><\/a><\/p>\n","protected":false},"author":1,"featured_media":0,"parent":0,"menu_order":0,"comment_status":"closed","ping_status":"closed","template":"","meta":[],"_links":{"self":[{"href":"https:\/\/www.parrocchiebuttiglieraalta.it\/index.php?rest_route=\/wp\/v2\/pages\/173"}],"collection":[{"href":"https:\/\/www.parrocchiebuttiglieraalta.it\/index.php?rest_route=\/wp\/v2\/pages"}],"about":[{"href":"https:\/\/www.parrocchiebuttiglieraalta.it\/index.php?rest_route=\/wp\/v2\/types\/page"}],"author":[{"embeddable":true,"href":"https:\/\/www.parrocchiebuttiglieraalta.it\/index.php?rest_route=\/wp\/v2\/users\/1"}],"replies":[{"embeddable":true,"href":"https:\/\/www.parrocchiebuttiglieraalta.it\/index.php?rest_route=%2Fwp%2Fv2%2Fcomments&post=173"}],"version-history":[{"count":12,"href":"https:\/\/www.parrocchiebuttiglieraalta.it\/index.php?rest_route=\/wp\/v2\/pages\/173\/revisions"}],"predecessor-version":[{"id":1508,"href":"https:\/\/www.parrocchiebuttiglieraalta.it\/index.php?rest_route=\/wp\/v2\/pages\/173\/revisions\/1508"}],"wp:attachment":[{"href":"https:\/\/www.parrocchiebuttiglieraalta.it\/index.php?rest_route=%2Fwp%2Fv2%2Fmedia&parent=173"}],"curies":[{"name":"wp","href":"https:\/\/api.w.org\/{rel}","templated":true}]}}